pose 80*u = 81*u - 152. Suppose 3*l = d + 2*l - u, -5*d = 3*l - 776. What is the hundreds digit of d?
1
Suppose -2778630 = -154*p - 129*p + 53*p. What is the units digit of p?
1
Suppose 5*f + 12448 = 2*g + 35833, -14047 = -3*f - 2*g. What is the thousands digit of f?
4
Let t = 0 - -3. Suppose -208 = -x + t*o + 241, -4*o + 1796 = 4*x. What is the tens digit of x?
4
Suppose 5*q - 1 = 3*q - 5*f, -13 = -4*q + f. Suppose -19*p = -q*w - 16*p + 27, -5*p = -2*w + 30. What is the units digit of w?
5
What is the thousands digit of 6/4 - ((-6)/93 + (-4654923)/1054)?
4
Suppose -698686 = -21*n - 193027. What is the units digit of n?
9
Suppose 3*j - 17 = -9*v + 7*v, 2*v - 4*j = -4. Suppose -v*h - 3456 = -5*w - h, 3*h + 696 = w. What is the units digit of w?
0
Suppose 0 = 51*n - 42*n - 36. Suppose -k + 5*y = k - 292, 4*y = n*k - 596. What is the units digit of k?
1
Suppose c + 759 = 4*c - p, -p - 3 = 0. Suppose 1259*z - 1269*z + 160 = 0. Suppose c = 20*y - z*y. What is the units digit of y?
3
Let n(x) = -717*x + 14. Let t = 237 - 238. What is the tens digit of n(t)?
3
Let z be (-140709)/(-124) + (3/(-4))/1. Suppose z = 379*q - 372*q. What is the units digit of q?
2
Suppose -13*u = -14 - 103. What is the tens digit of 65/(-15) + 4 + 2181/u?
4
Suppose -z - 4*v + 18 = -0*v, 4*v - 14 = z. Suppose -r + 24 - z = 0. Suppose 16*l = r*l - 876. What is the hundreds digit of l?
1
Let q(j) = -j**3 - 85*j**2 - 178*j + 25. What is the hundreds digit of q(-84)?
9
Suppose 7*r - 54 - 65 = 0. Suppose 0 = -27*s + r*s - 40. What is the hundreds digit of 167 - (s + 5 + 2)?
1
Suppose -x - 2*x - c = -104602, 3*c - 104610 = -3*x. What is the thousands digit of x?
4
Let i(a) = 132*a**2 + a + 1. Let j(r) = -r**2 + 2*r + 10. Let x be j(4). Suppose y + z = 2, 7*y + x = 2*y - z. What is the tens digit of i(y)?
3
Let o(m) = m**3 - 5*m**2 - 5*m - 2. Let c be o(6). Let f = 14 - 11. Suppose -c*h + 12 = 0, -f*s - 2*s + 575 = -5*h. What is the units digit of s?
8
Let q(v) = 2*v**2 + 45*v**3 + 43 - v**2 - 4*v - 46*v**3 + 6. Let k be (0*(-8)/(-56))/(3 + -2). What is the tens digit of q(k)?
4
Suppose 207*k = -160*k - 57*k + 2920088. What is the tens digit of k?
8
Let w be 3/(-2)*((-48)/(-9))/(-4). Let b = 11 - -5. Suppose -10*c + w*c + b = 0. What is the units digit of c?
2
Let q = 13346 + -7537. What is the thousands digit of q?
5
Suppose -3*l - 354 = 75. Let s = l + 675. What is the hundreds digit of s?
5
Let x be (9/(189/(-154)))/((-2)/39). Let t = 108 + x. What is the hundreds digit of t?
2
Let b = -47817 - -74279. What is the ten thousands digit of b?
2
Let u be -3 - 56/21*(-30)/8. Let a(k) = -k**3 + 14*k**2 - 15*k - 8. What is the tens digit of a(u)?
3
Suppose 0 = -4*m - m + 25. Suppose 4*j - 5*s + 0 - 10 = 0, -m*s = -2*j + 10. Let i = j - -42. What is the tens digit of i?
4
Suppose 34*u = 40*u + 492. Let m = u + 195. What is the tens digit of m?
1
Let r(n) = 31*n**2 + 8*n - 48. Let s be r(-11). Let k = -2545 + s. What is the thousands digit of k?
1
Let x(f) = -4 - 159*f**2 - 6*f - 4*f**3 + 311*f**2 - 161*f**2. What is the units digit of x(-4)?
2
Let n be (-5)/((-50)/(-4))*10/(-4). Let t be (100/(-12))/(n/24). What is the hundreds digit of t/(-3)*(-3)/4*-2?
1
Suppose -49*b + 17617 + 294371 = -187861. What is the hundreds digit of b?
2
Let r = -1576 + 6460. What is the hundreds digit of r?
8
Let u = -5932 - -15083. What is the hundreds digit of u?
1
Let t(q) = 520*q + 526. Let w be t(-1). Suppose 0 = x - 60 - 40. Suppose m - d = x, -5*m - w*d = -d - 550. What is the tens digit of m?
0
Suppose -49*y + 11537 = -103*y + 55*y. What is the ten thousands digit of y?
1
Let m(c) = 16*c - 20. Let t be m(5). Let p = 63 - t. Suppose -5*z + 527 = b, 20 = p*z - 5*b - 285. What is the units digit of z?
5
Suppose 4*u - 109 = r, -86 = -3*u - 4*r - 9. Let h(j) = 32*j - 97. What is the hundreds digit of h(u)?
7
What is the thousands digit of (-1 + 152528/20)/((-179)/(-895))?
8
Let k(h) = -h**2 - 16*h - 59. Let z be k(-6). What is the units digit of z - (937 - 4)*(-10)/15?
3
Let d(f) = 61*f**2 - 140*f - 111. What is the units digit of d(11)?
0
Let z(q) = -3*q**3 + q**2 + 3*q + 1. Let f be z(2). Let m(r) = r**2 + 2*r + 8. What is the hundreds digit of m(f)?
1
Suppose -218*n + 8359182 = 2017562. What is the units digit of n?
0
Let i = -360 + 190. Let q = i + 248. What is the tens digit of q?
7
Suppose -4*t = 5*q - 57197, -22*t = 2*q - 25*t - 22911. What is the thousands digit of q?
1
Let i(t) = -2*t**3 - 2*t**2 + 15*t + 1. Let p be i(0). Suppose q + q = -3*u + 9, -u + 2*q = -11. Let x = u - p. What is the units digit of x?
4
What is the ten thousands digit of (-35)/(595/(-102)) - (-115745)/(6 - 1)?
2
Suppose -2*t - 9 = -t. Let i be 200/(-12) + (-6)/t. Let s(j) = j**3 + 17*j**2 + 13*j - 1. What is the tens digit of s(i)?
4
Suppose 4*j + m = 74427, -32*m + 74422 = 4*j - 30*m. What is the ten thousands digit of j?
1
Suppose -5*k + z = -101, 3*k - 7 - 72 = -4*z. Suppose -k*c = -34*c + 17641. What is the tens digit of c?
5
Let y(x) = 9*x**2 - 20*x + 109. Let m be y(18). Suppose -3*f + m = 592. What is the hundreds digit of f?
6
Suppose a - 33496 = -q + 18653, 3 = -3*a. What is the thousands digit of q?
2
Let r(m) = 97*m**2 - 6*m + 8. Let o be r(-6). Suppose 0 = 4*f - 7*p + 2*p + o, -3*p + 4407 = -5*f. What is the hundreds digit of 2/4 - (f/6 + 1)?
1
Let i(d) = d**3 - 9*d**2 - 2*d + 13. Let x be i(9). What is the hundreds digit of 320/(x - (-5 - 1))?
3
Let v = 8880 - 4436. What is the tens digit of v?
4
Let n(k) = k**3 - 38*k**2 + 20*k + 518. What is the tens digit of n(38)?
7
Suppose 0 = -71*s + 68*s + 12, a - 5741 = 4*s. What is the hundreds digit of a?
7
Suppose 126*t - 31*t = -11495. Suppose r - 3*r = 84. Let u = r - t. What is the units digit of u?
9
Let k be 3 + -5 + 64/4. Suppose -2 = u - k. Let j = u - 10. What is the units digit of j?
2
Let a = -2788 - -3328. What is the tens digit of a?
4
Suppose 5*g - 149002 = -2*k, -191*g + 5*k = -192*g + 29782. What is the thousands digit of g?
9
Suppose 5*q + 13 = -2*i, -q - 2 = q + 4*i. What is the tens digit of 36*((-15)/10 - 0)/q?
1
Let i = 70178 + -33027. What is the thousands digit of i?
7
Let y(v) = -2*v**2 - 86*v + 52. Let b be y(-41). Let s = b + 108. What is the hundreds digit of s?
3
Let j be (3 - -55) + (8 - 5). Suppose 39 = -z + j. What is the tens digit of z - (-5 + 3) - -2?
2
Let i(v) = 7*v + 77. Let t be i(10). Suppose 148*r = t*r + 921. What is the units digit of r?
1
Let i be (0 + -1)*(10 + -5 + -4). What is the hundreds digit of 58/((-7)/(42/i))?
3
Let l = 7722 - 3736. What is the units digit of l?
6
Suppose -119*b + 7*u = -123*b + 231804, 4*b = -5*u + 231804. What is the ten thousands digit of b?
5
Suppose 11*i = 98*i - 126598 - 139448. What is the units digit of i?
8
Suppose -v - 65389 = -3*p, 149*v - 65347 = -3*p + 144*v. What is the units digit of p?
4
Let i be 3*(-20)/(-15) + 3584/8. Let m = i + -151. What is the hundreds digit of m?
3
Let x = -3907 - -8747. What is the thousands digit of x?
4
Let z be 114/(-21) + 12/28. Let j be (3*-1)/(3/(4 + z)). Let i(m) = 95*m**2 - m. What is the tens digit of i(j)?
9
Let u be -1*(-135 + -4 + 2)*-1. Let m = u + 502. Suppose 6*a = m + 529. What is the units digit of a?
9
Suppose -283*g = -278*g - 20. Suppose -k + 6410 = 4*k + g*y, k = 3*y + 1301. What is the units digit of k?
6
Let v(z) = z**2 - 37*z - 78. Let i be v(31). Let l = i - -274. What is the tens digit of l?
1
Suppose 5*b = 4*s - 143999, 2*b = 136*s - 139*s + 108005. What is the units digit of s?
1
Let d(x) be the third derivative of 1/15*x**5 - 2*x**2 + 0 + 0*x + 2/3*x**3 + 1/12*x**4. What is the tens digit of d(-4)?
6
Let x be 13/(-26)*(-1 - 5). Suppose x*h - 2 = 13. Suppose 7 = -5*g - 8, -h*o - 2*g = -974. What is the tens digit of o?
9
Let h(t) = t**2 + 9*t + 18. Let x be h(-2). Let q(o) = 76*o - 44. What is the hundreds digit of q(x)?
2
Let h = 5002 + 4522. What is the hundreds digit of h?
5
Let q = -3 - -58. Let b = 89 + q. What is the hundreds digit of b?
1
Suppose -c + 6*c = -2515. Let t = -219 - c. Let l = 403 - t. What is the tens digit of l?
1
Suppose 7*n + 16 = -5. Let l(t) = 2*t**3 + 7*t**2 + t - 3. Let m be l(n). Suppose 13*p = m*p + 320. What is the tens digit of p?
3
Let y be 4/20 + 3704/5. Suppose k + h = -178 + 427, -5*h = 3*k 